q?
False
Suppose 0 = -s - 5*x + 16, 0*s + 5*s - 4*x - 109 = 0. Let z = 53 - s. Is 7 a factor of z?
False
Let i be (-4)/(-7) - (-720)/(-35). Is 8 a factor of 74/10 - 12/i?
True
Let f = 395 - 273. Does 15 divide f?
False
Let j(l) be the third derivative of l**4/4 - l**3/3 + 2*l**2. Let b be j(3). Suppose 0*v = -v + b. Does 8 divide v?
True
Let p(l) = 11*l - 12. Does 10 divide p(6)?
False
Suppose 4 = -a, 3*c - 68 - 16 = 3*a. Does 6 divide c?
True
Let h(o) be the second derivative of -o**5/60 - o**4/2 - 2*o**3 + o**2/2 + 4*o. Let g(s) be the first derivative of h(s). Is g(-8) a multiple of 15?
False
Let z be 48/9 - 4/(-6). Let t be 4/(-4) + (z - -1). Let k(a) = a**2 - a. Is 15 a factor of k(t)?
True
Let c = 336 - 167. Does 11 divide c?
False
Let b = -8 - -32. Suppose b = 5*q - 46. Suppose 0 = -5*d - q + 49. Is 7 a factor of d?
True
Suppose 960 = 7*j - j. Does 32 divide j?
True
Suppose -10*m + 7*m + 117 = 0. Let l = -26 + m. Is 11 a factor of l?
False
Does 13 divide -94*((-3)/6 - 0)?
False
Let b be (36/14)/((-12)/56). Does 13 divide (-143)/(-4) - 3/b?
False
Let y = 173 - 104. Is y a multiple of 7?
False
Suppose -5*k + 3 = 3*t - 18, -19 = -2*t - 5*k. Suppose 3*d - 19 = t*d. Is 19 a factor of d?
True
Let n(c) = c**3 + 6*c**2 - 8*c + 1. Let q(y) = y**3 - 7*y**2 - 9*y + 1. Let x be q(8). Let s be n(x). Suppose -3*w + 71 - s = 0. Is w a multiple of 21?
True
Suppose 4*q + 14 = -2. Let o = 10 + q. Does 4 divide -4*(1 - 21/o)?
False
Let k(a) = -a**3 + 2*a**2 + 3*a + 4. Let x = 0 - 3. Let r be k(x). Let n = -23 + r. Is n a multiple of 17?
True
Suppose -4*n - s + 0*s = -223, -5*n + s + 290 = 0. Let v = -24 + n. Is 12 a factor of v?
False
Let q(k) = -k**2 + 4*k + 2. Let b(y) = -y**2 - 10*y + 2. Let t be b(-9). Suppose 4*v = -2*a + 3 + t, 4*v = -4*a + 20. Is 2 a factor of q(a)?
False
Suppose 5*f + 5*i - 248 + 23 = 0, -i + 85 = 2*f. Suppose 5*z = 35 + f. Is z a multiple of 15?
True
Let l = -9 - -15. Suppose 14 = g - l. Does 14 divide g?
False
Let i(j) = j**3 + 4*j**2 - 5. Let y be i(-4). Let l be ((-6)/y)/((-15)/(-50)). Suppose 2*c = -3*d, -l*d - 1 = 15. Does 6 divide c?
True
Suppose 2 = -q - q - 4*u, q = 2*u - 1. Let s = 4 + q. Is (-1 + 0)/(s/(-27)) a multiple of 4?
False
Suppose -2*l + 204 = l. Suppose -l = -3*i - 5*p, 2*i - 27 = 2*p + 29. Is i a multiple of 13?
True
Let l(a) = -a - 6. Let w be l(-7). Let o(m) be the second derivative of 17*m**3/6 - m**2/2 + m. Is o(w) a multiple of 9?
False
Is (-2)/7 + (-2740)/(-35) a multiple of 23?
False
Suppose -2*l + 4 - 14 = 2*x, -x = 5*l + 9. Suppose q + 6 = 2*q. Let s = q + l. Is s even?
False
Suppose -3*z + w - 6 = z, 0 = 5*z - 3*w + 4. Does 2 divide (-9)/6*z/1?
False
Let d = -4 + 8. Is 2 a factor of (-25)/10*d/(-2)?
False
Suppose -2*f - n + 2 = 25, 3*f - 3*n = -12. Let i = 105 - 64. Let k = i + f. Does 16 divide k?
True
Let z(k) = 10*k**2 - k + 1. Let x be z(1). Suppose x = 4*f + f. Suppose f*t + 24 = 3*t. Is t a multiple of 12?
True
Let q = 8 - 6. Suppose -q*p - 2*p = -32. Is 3 a factor of p?
False
Is 28 a factor of (-2350)/(-8) + (18/(-24) - 0)?
False
Suppose h + h - 42 = 0. Suppose 5*n - 23 + 8 = 0. Suppose -n*b + w = -39, -b - b = w - h. Is 12 a factor of b?
True
Let p(y) = -17*y**3 + 2*y**2 - 1. Let r(u) = u**2 + 4*u - 1. Let o be r(-4). Is 9 a factor of p(o)?
True
Let y = 26 + -7. Suppose 2*n + y = 3. Let z = n + 20. Does 6 divide z?
True
Let a(t) = 13*t - 10. Is 34 a factor of a(6)?
True
Suppose -4*n - 30 - 2 = 0. Let c = n - -14. Is 3 a factor of c?
True
Suppose 4*d - 22 = -2. Suppose -4*b - 110 = -d*m, 4*m + 2*b + b = 119. Is m a multiple of 13?
True
Does 5 divide 0 + (26 - (-3 + -1))?
True
Let t = 469 - 286. Suppose -3*f + 3*y + t = 0, -2*f + 305 = 3*f + 4*y. Is 18 a factor of f?
False
Suppose 134 = 2*g + 2*x, 5*x + 370 = 5*g + 3*x. Does 72 divide g?
True
Let c(o) = -o**3 + 10*o**2 - 7*o - 13. Let p be c(9). Suppose s - 3*s + 3*a + 150 = 0, -p*a - 304 = -4*s. Is 17 a factor of ((-16)/(-6))/(6/s)?
False
Let o = -9 - -15. Let l(b) = -2*b + o*b - 3*b + 5*b. Is l(3) a multiple of 14?
False
Let w = 349 - 41. Does 28 divide w?
True
Let g be 3 - 4*2/(-2). Suppose -g - 6 = -y. Does 13 divide y?
True
Let c(f) = -f - 1. Let o(j) = -2*j + 15. Let m(a) = -4*c(a) - o(a). Does 16 divide m(5)?
False
Let d(c) = c**3 + 7*c**2 - 8*c + 8. Let p be d(-8). Suppose -k + 2*k = z - p, -2*k = 2*z. Is 4 a factor of z?
True
Let c = -82 - -150. Is 34 a factor of c?
True
Suppose 4*x + 1869 = -5*r, 4*x - 2*r = r - 1861. Let h = 288 + x. Does 15 divide h/(-6) - 3/(-9)?
True
Let f be (51 - 3)/(-4)*1. Let v(h) = -h**2 - 12*h + 3. Is 3 a factor of v(f)?
True
Let z(d) = 2*d + 5. Let u be z(-4). Is (3 - u/(-1)) + 51 a multiple of 15?
False
Let f(l) = 2*l - 4. Let v be f(5). Let u = v + 12. Does 9 divide u?
True
Let w(m) = -m**3 + 3*m**2 + 5*m. Let x be w(4). Suppose x*r = -l + 48, 0*l + 23 = 3*r + 4*l. Is 9 a factor of r?
False
Let d(g) = 3*g**3 - 4*g**2 + g + 4. Is d(2) a multiple of 14?
True
Suppose -114 = -2*s + 4*u, -3*s = 2*u - 132 + 1. Suppose s = 5*f + 12. Does 2 divide f?
False
Let p(h) = -4*h**3 + h + 1. Let c be p(-1). Suppose -5*l + 1 = -c. Suppose 0 = 5*a + 2*i - 51, 2*a - a + 5*i - l = 0. Does 10 divide a?
False
Let t = 204 + -124. Is 16 a factor of t?
True
Suppose 80 = 4*w + w. Is w a multiple of 16?
True
Let s(m) = -m**2 + m + 46. Let a be s(0). Let r = -5 + a. Is r a multiple of 19?
False
Suppose 3*o - 9*o = 0. Suppose -42 = -p - 2*g, 5*g = -o*p + 2*p - 120. Is p a multiple of 25?
True
Suppose 0 = -5*p - q + 26, 3*q = -5*p + 4*q + 24. Is 2 a factor of p?
False
Let f(u) = -3*u**2 - 2*u - 1 + 2 + 4*u**2 + 40*u**3. Is f(1) a multiple of 15?
False
Let n(f) = 5*f**3 - 3*f**2 + 2*f - 2. Let b be 2/2*2 + -2. Suppose b = 4*j + 4 - 12. Does 19 divide n(j)?
False
Let f = -39 + 64. Suppose -1 - 24 = -4*j + 3*p, 5*p = f. Is j a multiple of 10?
True
Let m = -30 - -67. Does 6 divide m?
False
Let b(q) be the third derivative of q**4/4 - 4*q**3/3 + 2*q**2. Let v(h) = h**3 + 4*h**2 - 5*h + 6. Let g be v(-5). Is 20 a factor of b(g)?
False
Suppose 28 = 2*n - 4. Is n a multiple of 3?
False
Let r(m) = 12*m. Let h(q) = 3*q**2 - 6*q + 9. Let p(f) = f**2 + 1. Let s(c) = h(c) - 2*p(c). Let y be s(5). Does 13 divide r(y)?
False
Suppose -9*z = -5*z - 964. Is z a multiple of 42?
False
Suppose v = -5*h + 17, -5*v + 0*h + 4 = -2*h. Suppose 0 = -4*s, j + v*s + 240 = 3*j. Suppose 5*f = -5*y + j, f - 48 = -2*f + 5*y. Is f a multiple of 15?
False
Let j(p) = 3*p - 9. Let g be (0 - 3)*14/(-6). Is 12 a factor of j(g)?
True
Suppose 6*y - 2*y = 24. Suppose g - 38 = x, -y = -g - 4*x + 52. Is g a multiple of 14?
True
Let c = -24 + 27. Let v(a) = 5*a + 4*a + 2 + 0. Is 25 a factor of v(c)?
False
Let d = 15 + -11. Does 9 divide 78/(-65)*(-90)/d?
True
Let g(t) be the second derivative of -t**3/3 + 3*t**2/2 - t. Let u = -5 - 0. Does 10 divide g(u)?
False
Let l = -70 + 115. Let v = 96 - l. Let b = -24 + v. Does 12 divide b?
False
Suppose 7 - 12 = 5*j. Let v(m) = -8*m**3 + 2*m**2 + m. Does 9 divide v(j)?
True
Is 12 a factor of (-2)/3 + (654/9 - 0)?
True
Let i(z) be the first derivative of -z**3/2 - 2*z**2 - z - 1. Let k(b) be the first derivative of i(b). Does 3 divide k(-4)?
False
Suppose -t = -0*b - 4*b + 24, -3*b + 5*t + 18 = 0. Is b a multiple of 6?
True
Suppose u - v = -0*v + 192, 3*u - 568 = 5*v. Is 33 a factor of u?
False
Suppose 0 = -5*y + 10 - 0. Suppose -i - m = -5, -5*i + 14 = -4*i - y*m. Is i a multiple of 8?
True
Let t(h) = 19*h. Let v be t(-1). Let p = 48 - 81. Let s = v - p. Is s a multiple of 14?
True
Let b(c) be the first derivative of -c**5/20 + 5*c**4/6 - 7*c**3/6 + 2*c**2 - 5*c - 4. Let f(x) be the first derivative of b(x). Is 11 a factor of f(9)?
True
Let v(o) = -o - 3. Let t be v(-4). Let j be ((-2)/6)/(t/(-9)). Suppose -j*y + 3*n + 74 = -2*n, 0 = -y + 2*n + 26. Is y a multiple of 6?
True
Let v(s) = s**3 + s + 18. Suppose -3*a + 2*a = 0. Suppose 0*p - p = a. Is 9 a factor of v(p)?
True
Suppose -o + 120 - 39 = 0. Is 21 a factor of o?
False
Suppose -24 = -8*f + 4*f. Let m(t) = -3 + 5 + 9*t - 2*t. Is 22 a factor of m(f)?
True
Suppose -d = 2*d - 48. Is d a multiple of 5?
False
Suppose -52 = -2*q + 18. Is 7 a factor of q?
True
Let c be (-1 - 2*-1)*0. Suppose 2*f = -c*f. Let x = 20 + f. Does 12 divide x?
False
Let z(r) = -r + 11. Let h be z(8). Suppose